0 + -3d?
-2d
In base 12, what is 0 + 6a8?
6a8
In base 8, what is 664 - 2?
662
In base 6, what is 12 - 102?
-50
In base 13, what is 2 - 6c?
-6a
In base 4, what is 0 + -111112?
-111112
In base 8, what is 63 - -5?
70
In base 3, what is 1 - 2102?
-2101
In base 13, what is -36 - 15?
-4b
In base 16, what is 29 + -4?
25
In base 15, what is 2 - 1398?
-1396
In base 7, what is 1652 + 0?
1652
In base 5, what is 10 - -21?
31
In base 10, what is -22 + 68?
46
In base 10, what is 4 - 34?
-30
In base 8, what is 1326 + -2?
1324
In base 5, what is -10 + -123?
-133
In base 12, what is 421 + 1?
422
In base 5, what is -10 + -1422?
-1432
In base 11, what is 3 - 51?
-49
In base 2, what is 100 + -1110011?
-1101111
In base 2, what is -11 - -1001100000?
1001011101
In base 10, what is 8 - -7?
15
In base 5, what is 1204 - 13?
1141
In base 4, what is -2 - -122303?
122301
In base 10, what is 3 + 58?
61
In base 6, what is -4 + -151?
-155
In base 13, what is -b + -1?
-c
In base 6, what is 0 - -252?
252
In base 11, what is 2 - 387?
-385
In base 3, what is 12001 + -1?
12000
In base 7, what is 44134 - 0?
44134
In base 6, what is 0 + 104?
104
In base 13, what is 8 - 1a?
-12
In base 10, what is -2 + -8?
-10
In base 2, what is -1011 + -10010011?
-10011110
In base 6, what is -14 - -230?
212
In base 10, what is -418 + -5?
-423
In base 2, what is 11 + -10000111100?
-10000111001
In base 11, what is -24 - 2?
-26
In base 2, what is 10000000001111 + -101?
10000000001010
In base 8, what is -50 - -7?
-41
In base 14, what is 4 + -5b?
-57
In base 14, what is -4 - 31?
-35
In base 7, what is 6 + 2602?
2611
In base 2, what is 11101100 + 1101?
11111001
In base 15, what is 33e - 1a?
324
In base 2, what is 101 - -111?
1100
In base 12, what is -2 + -43?
-45
In base 4, what is 33223 + -1?
33222
In base 15, what is -5 + -2?
-7
In base 13, what is -2 + -832?
-834
In base 2, what is 1010010 + -1?
1010001
In base 8, what is -116561 + 0?
-116561
In base 2, what is -1000 - -1010?
10
In base 14, what is 24 + 30?
54
In base 8, what is -510 - 2?
-512
In base 11, what is -40 - 16?
-56
In base 15, what is 1ced - 0?
1ced
In base 14, what is -5 - -6?
1
In base 13, what is -c + -14?
-23
In base 2, what is -101 + -1001101110?
-1001110011
In base 11, what is 20 + 163?
183
In base 3, what is 1000200011 - -11?
1000200022
In base 7, what is -3 + -10046?
-10052
In base 13, what is 1c - -9?
28
In base 15, what is -5 - d8?
-dd
In base 8, what is -13 + 61?
46
In base 5, what is 0 + 1030?
1030
In base 6, what is -4 + -54123?
-54131
In base 14, what is 5 - 4?
1
In base 14, what is -5 - 456?
-45b
In base 15, what is -813 + 7?
-80b
In base 13, what is 7 + 32?
39
In base 3, what is 102 + 1001?
1110
In base 3, what is 211 - -1212?
2200
In base 12, what is -1 + -54?
-55
In base 6, what is 5 + -233?
-224
In base 9, what is 26 - 260?
-233
In base 7, what is -1 - 106?
-110
In base 13, what is 2 - 1055?
-1053
In base 4, what is -3 - 1300000?
-1300003
In base 4, what is -12 - 13122?
-13200
In base 10, what is 200 - 32?
168
In base 4, what is -3310 - -33?
-3211
In base 7, what is -22 + -1?
-23
In base 14, what is 0 + 40?
40
In base 9, what is 0 + 10?
10
In base 3, what is -210111 + 2?
-210102
In base 13, what is -3 + -15b?
-161
In base 15, what is 942 + -2?
940
In base 7, what is 4 - -3454?
3461
In base 2, what is 11 - -1010110?
1011001
In base 7, what is 3 - 310?
-304
In base 10, what is 1 + 119?
120
In base 16, what is 66 + 9?
6f
In base 7, what is -5 + 30321?
30313
In base 10, what is -4 + -8456?
-8460
In base 16, what is 43c + 2?
43e
In base 9, what is 18 + 3?
22
In base 9, what is 4 - 1?
3
In base 2, what is -1100000110010 + -101?
-1100000110111
In base 12, what is -13 + -827?
-83a
In base 8, what is -31 - -22?
-7
In base 6, what is 1 + 453?
454
In base 12, what is 4 + -30?
-28
In base 5, what is -3030 - 3?
-3033
In base 9, what is -8 - -1037?
1028
In base 5, what is 40 - 1444?
-1404
In base 13, what is -236 - 12?
-248
In base 2, what is -11110 - 1?
-11111
In base 10, what is 3 - 246?
-243
In base 14, what is -14c - 4?
-152
In base 15, what is -8 - -98?
90
In base 2, what is 10100 - -11000?
101100
In base 14, what is -2 - -5?
3
In base 16, what is abf + 1?
ac0
In base 9, what is -28 + 132?
103
In base 14, what is 10 + 32?
42
In base 9, what is 1161 + -2?
1158
In base 8, what is -6 + -1070?
-1076
In base 10, what is 27 + 3?
30
In base 12, what is 9 - -10?
19
In base 13, what is -3 - 220?
-223
In base 2, what is 0 - 101111?
-101111
In base 2, what is 100001100 - -100?
100010000
In base 15, what is -6 - 44?
-4a
In base 4, what is -101101 - -11?
-101030
In base 3, what is -11 + -112020?
-112101
In base 6, what is 332 + 1?
333
In base 12, what is 9 - -a46?
a53
In base 15, what is -4 + 20?
1b
In base 16, what is -6 + -2cd?
-2d3
In base 12, what is 74 + -4?
70
In base 16, what is -36e - 5?
-373
In base 13, what is 5 + c1?
c6
In base 4, what is -102 + 3130?
3022
In base 14, what is -2c6 + -5?
-2cb
In base 5, what is -421 - -10?
-411
In base 6, what is -4 + 441?
433
In base 3, what is -100221 - 21?
-101012
In base 10, what is 0 - -2955?
2955
In base 6, what is -15 - 10?
-25
In base 12, what is 522 - 3?
51b
In base 2, what is -100 - 1010000?
-1010100
In base 2, what is 1 + 11?
100
In base 3, what is 0 + 2210?
2210
In base 10, what is -41 + -3?
-44
In base 4, what is 10 + -11031?
-11021
In base 15, what is -79 - -9?
-70
In base 14, what is 3d92 + -4?
3d8c
In base 6, what is 5 - 310?
-301
In base 8, what is 37131 + 1?
37132
In base 14, what is -2 + 400?
3dc
In base 9, what is 1 - -74?
75
In base 8, what is -3 - -7312?
7307
In base 14, what is -b0d - 5?
-b14
In base 15, what is -3 - 19ac?
-19b0
In base 4, what is 111031 + 2?
111033
In base 14, what is -1 + 4?
3
In base 4, what is -230 + -11120?
-12010
In base 2, what is 1010010010 - -11?
1010010101
In base 16, what is -1d + -4b?
-68
In base 7, what is 4 + 103?
110
In base 13, what is 8930 - -5?
8935
In base 15, what is aca + -2?
ac8
In base 13, what is -60 + 3b?
-22
In base 5, what is -3003 + -2?
-3010
In base 16, what is -4f - 35?
-84
In base 2, what is 10001 - 100111011?
-100101010
In base 14, what is c - 13b?
-12d
In base 11, what is 3 + 71?
74
In base 4, what is 3 + 22021?
22030
In base 16, what is -25 + -1?
-26
In base 12, what is -1162 + -1?
-1163
In base 5, what is 121 - 131?
-10
In base 9, what is 4 - 2474?
-2470
In base 3, what is -1201 - -2?
-1122
In base 15, what is 0 + 49?
49
In base 3, what is -102 - 11122?
-12001
In base 11, what is -389 + 0?
-389
In base 13, what is 15 + -7?
b
In base 10, what is -303 - -13?
-290
In base 5, what is 13 + 203?
221
In base 13, what is -5 + 13?
b
In base 4, what is -1 - -3012?
3011
In base 10, what is 15 + -295?
-280
In base 5, what is -12 - 41?
-103
In base 14, what is c - 40b?
-3dd
In base 8, what is -2003 + 0?
-2003
In base 9, what is -21 - -21?
0
In base 13, what is 34b - 0?
34b
In base 11, what is 1182 - -4?
1186
In base 3, what is 20012202 - -12?
20012221
In base 16, what is -3 - -f98?
f95
In base 8, what is 3 + 216?
221
In base 6, what is 3520 + -1?
3515
In base 12, what is 1812 + -5?
1809
In base 11, what is 15 + -29?
-14
In base 11, what is 3 + -2553?
-2550
In base 6, what is 11522 - 3?
11515
In base 6, what is -254 - -4?
-250
In base 16, what is -10e1 - -1?
-10e0
In base 8, what is -20 - -25?
5
In base 10, what is -5 + 1381?
1376
In base 10, what is -2360 - -2?
-2358
In base 10, what is 7 + 187?
194
In base 14, what is 2a - 1a?
10
In base 7, what is -2312 + -3?
-2315
In base 5, what is 10130 - 4?
10121
In base 16, what is 20 + 3?
23
In base 10, what is 25 + -24?
1
In base 5, what is 222 - -3100?
3322
In base 7, what is 3 - 154?
-151
In base 14, what is 3cc - 0?
3cc
In base 6, what is 4 + -13430?
-13422
In base 2, what is 100 + 1110101?
1111001
In base 10, what is -18 + -234?
-252
In base 6, what is 102511 - 1?
102510
In base 7, what is -5 + 13?
5
In base 2, what is 11 - 100001?
-11110
In base 14, what is -319 + -4?
-31d
In base 12, what is 1810 - 1?
180b
In base 8, what is 47 - 17?
30
In base 7, what is 1 - 2346?
-2345
In base 11, what is -1225 + 1?
-1224
In base 12, what is -4 - 35ba?
-3602
In base 12, what is 196 + 1?
197
In base 14, what is 2a - 2ba?
-290
In base 2, what is 101000110 + -1?
101000101
In base 7, what is -42 - 25?
-1